 -52?
1318c8
In base 9, what is 2258 - 34745?
-32476
In base 7, what is 10624 - -104314?
115241
In base 3, what is -100 + 100000000022202021?
100000000022201221
In base 9, what is 1267 + -7851?
-6573
In base 4, what is -1012310 - -23131?
-323113
In base 8, what is 25056 + -5534?
17322
In base 13, what is -5 - 124ac984?
-124ac989
In base 16, what is 1c - -1e9651?
1e966d
In base 8, what is 601 + 32007?
32610
In base 3, what is -2111112 + 2020102120?
2010221001
In base 11, what is 32 + 305218?
30524a
In base 8, what is 154431 - 1563?
152646
In base 10, what is -3051 - -14203?
11152
In base 10, what is -2621 + 1033?
-1588
In base 4, what is -1110100 + 1202000?
31300
In base 14, what is -1725a2b + -1?
-1725a2c
In base 16, what is -21d6 + 30?
-21a6
In base 15, what is -24c8 - 59e?
-2a77
In base 5, what is -34020 - -204213?
120143
In base 3, what is 11102 + 1212111121?
1212200000
In base 8, what is -156554 - -47?
-156505
In base 8, what is 5 + 6426474?
6426501
In base 13, what is 11 + -23948c?
-23947b
In base 16, what is 21 - 2bd9?
-2bb8
In base 13, what is -5 - -3852cca0?
3852cc98
In base 9, what is 25 - 566764?
-566738
In base 12, what is -102466643 - -4?
-10246663b
In base 2, what is -1001111000100010111010001 - -1?
-1001111000100010111010000
In base 5, what is -13343 + -101243?
-120141
In base 4, what is -1000 + 2223102223?
2223101223
In base 9, what is 4154583 - 232?
4154351
In base 2, what is -1100111010010011 + 100101001?
-1100110101101010
In base 12, what is 20 - 27b5b3?
-27b593
In base 8, what is 456737 - 1046?
455671
In base 6, what is -33310401303 - -3?
-33310401300
In base 15, what is -643 - -269b9?
26376
In base 14, what is -215a743 + -2?
-215a745
In base 10, what is 5 + 121184110?
121184115
In base 7, what is -12454345 + -631?
-12455306
In base 6, what is 3133 - -10425514?
10433051
In base 10, what is -12408059 + -3?
-12408062
In base 14, what is 23bcd2d + 2?
23bcd31
In base 3, what is 22112211000110 + -1022?
22112210222011
In base 12, what is -463059 - 8?
-463065
In base 5, what is -1010441420 - 20?
-1010441440
In base 3, what is 121 + 10000021102?
10000022000
In base 11, what is 7292 + -2575?
4818
In base 9, what is -13346507 + -6?
-13346514
In base 5, what is 123110 + 212231?
340341
In base 6, what is 2 + 5345430430?
5345430432
In base 8, what is 31343535 + 21?
31343556
In base 9, what is 10161271 - -1?
10161272
In base 10, what is 428 + 944981?
945409
In base 8, what is -115453566 + -3?
-115453571
In base 13, what is -1 - -646832?
646831
In base 16, what is -49c29 + 722?
-49507
In base 8, what is -3441614 - -16?
-3441576
In base 3, what is -120202120220201 + -1?
-120202120220202
In base 4, what is -313031322 + -123131?
-313221113
In base 11, what is -55 + -152490?
-152535
In base 6, what is -231432542 + 1?
-231432541
In base 11, what is -1133 + 4743?
3610
In base 13, what is c4551 + 1b?
c456c
In base 15, what is 71 - -318719?
31878a
In base 12, what is -341b920 - -3?
-341b919
In base 6, what is -20310230321 - 0?
-20310230321
In base 5, what is 2 + -3112404133?
-3112404131
In base 7, what is 3425 - 20444?
-14016
In base 15, what is 5a9 - 8a1?
-2e7
In base 5, what is 33 - 13442140?
-13442102
In base 4, what is -30 - 22230331100?
-22230331130
In base 8, what is -2 - 13277201?
-13277203
In base 4, what is 1010103020 + 12221?
1010121301
In base 12, what is -2063 - 30659?
-32700
In base 14, what is 13510cd + -1?
13510cc
In base 15, what is -16e7b0 + -b9?
-16e879
In base 11, what is -8899 + 6519?
-2380
In base 16, what is 11547a + -11?
115469
In base 4, what is 212110033 - -133231?
212303330
In base 8, what is 15530364 - 13?
15530351
In base 11, what is -24 + -22a811?
-22a835
In base 4, what is -3 + 30231130101103?
30231130101100
In base 7, what is -433460 - 65?
-433555
In base 10, what is -1 + 20240873?
20240872
In base 13, what is 108b + 4192?
5250
In base 14, what is 45 + -15d1c?
-15cb7
In base 9, what is -4 + 212448102?
212448087
In base 12, what is -90b14 + -1a?
-90b32
In base 2, what is -1111011110100010101001 - 10110000?
-1111011110100101011001
In base 3, what is -1212022 - -12121110010?
12112120211
In base 10, what is -2207334 - -4?
-2207330
In base 13, what is 3 - -9562919?
956291c
In base 2, what is 110000100101101010000 - 11000010?
110000100101010001110
In base 13, what is -13c91c2 - -1?
-13c91c1
In base 14, what is -40c4 - -18c1c?
14b38
In base 3, what is 12022211102221 - -1?
12022211102222
In base 10, what is 115 + 871194?
871309
In base 5, what is 30421433 - 32?
30421401
In base 12, what is -b46 - -2182?
1238
In base 8, what is -2540 + -161452?
-164212
In base 14, what is 13 + -a86d6c?
-a86d59
In base 10, what is -5427260 + 45?
-5427215
In base 2, what is 101100101 - -10110010010000100110?
10110010010110001011
In base 11, what is -12973aa7 + -72?
-12974069
In base 6, what is -144352012 - 4?
-144352020
In base 8, what is -74676 + 110?
-74566
In base 6, what is -20 - -5352352?
5352332
In base 3, what is -1 - -12221012120200?
12221012120122
In base 14, what is 3 + -1253d729?
-1253d726
In base 13, what is -2a8b62 - 27a?
-2a910c
In base 12, what is 92 + 14b674?
14b746
In base 14, what is -2 - 3b46d1?
-3b46d3
In base 8, what is -211051441 - 0?
-211051441
In base 11, what is -3790aa - -665?
-378545
In base 3, what is -22110201111220 - -22?
-22110201111121
In base 9, what is 2851 - 70515?
-66554
In base 15, what is 22016 + 434?
2244a
In base 14, what is -44a07 + 207a?
-4296b
In base 14, what is 32 - d45bcb?
-d45b99
In base 12, what is -3066a1 - 0?
-3066a1
In base 2, what is 100 + 10010011010000?
10010011010100
In base 15, what is 2 + -848862?
-848860
In base 15, what is 3514 + 36a?
387e
In base 2, what is 10110110111111001000101111 - -100?
10110110111111001000110011
In base 15, what is 4 + -26b0eb?
-26b0e7
In base 15, what is 4e998c - -5?
4e9992
In base 11, what is -59a77 - -11a?
-59958
In base 5, what is -14002442 - -12?
-14002430
In base 3, what is -111202201021 - -100112?
-111202100202
In base 5, what is 31243330 - 200143?
31043132
In base 10, what is -2839486 - -413?
-2839073
In base 7, what is 1024034134 + 1?
1024034135
In base 5, what is -1130242002 - -2402?
-1130234100
In base 2, what is 1000111101100100011100100 + 10?
1000111101100100011100110
In base 12, what is -478649 + 990?
-477879
In base 13, what is 0 - 7babb4b?
-7babb4b
In base 6, what is 5513532 + 215?
5514151
In base 11, what is 83 - 300811?
-300739
In base 14, what is 1 + 715259b?
715259c
In base 15, what is 9c7d8 + 5?
9c7dd
In base 16, what is -13f74 + -5?
-13f79
In base 14, what is -5338620 + 0?
-5338620
In base 4, what is 221 + -1221221230?
-1221221003
In base 7, what is -5355242 - 2?
-5355244
In base 9, what is 100601 + 737?
101438
In base 16, what is 7769a7 - b?
77699c
In base 6, what is 153524544 + 121?
153525105
In base 5, what is 430 + 42223?
43203
In base 15, what is -7818442 - 2?
-7818444
In base 4, what is 3001022 - 12032233?
-3031211
In base 9, what is 187700760 - -13?
187700773
In base 7, what is -36223022 + -2?
-36223024
In base 15, what is 60704 - 7?
606ec
In base 14, what is 1db5d + 25?
1db84
In base 16, what is -1 + -d1ed4?
-d1ed5
In base 5, what is 1 - -2012313221?
2012313222
In base 10, what is 3 - 3087214?
-3087211
In base 9, what is -213020511 - 4?
-213020515
In base 14, what is 39 + 33836?
33871
In base 2, what is 1001100000110 - -101100010001111?
110101110010101
In base 13, what is -132 + 8bc4a?
8bb18
In base 2, what is -11100011100100 - 10011101010?
-11110111001110
In base 3, what is 20021021110 + 11222?
20021110102
In base 8, what is 1336 - 12034?
-10476
In base 7, what is -150620 + 3353?
-144234
In base 2, what is -10010100100100111000010000 + 110?
-10010100100100111000001010
In base 8, what is -4003 - -11610?
5605
In base 16, what is -ab70c - 273?
-ab97f
In base 5, what is -113441444122 + 2?
-113441444120
In base 5, what is -24 + 1400311203?
1400311124
In base 3, what is -222 - 100010201222?
-100010202221
In base 10, what is 29831563 + -3?
29831560
In base 8, what is -1231550631 + -2?
-1231550633
In base 7, what is -13 + -100526532?
-100526545
In base 9, what is -762 - 138751?
-140623
In base 10, what is 4899 - 35748?
-30849
In base 16, what is -84 + -1d83?
-1e07
In base 7, what is 3 - 241216545?
-241216542
In base 11, what is -682513